65100149 a prime number?
True
Is 68477104979 prime?
False
Is 463977859 prime?
True
Is 1988157221 a prime number?
False
Is 1591779391 composite?
False
Is 105920753987 prime?
True
Is 388982261 prime?
True
Is 2272023157 prime?
False
Is 173812395031 a prime number?
False
Is 3480137839 prime?
True
Is 32084207107 composite?
False
Is 378562907 composite?
True
Is 257932711 a prime number?
True
Is 89720987306 a composite number?
True
Is 409316899 prime?
False
Is 13752669103 a composite number?
False
Is 9756389521 a prime number?
True
Is 103264953059 a composite number?
False
Is 290646740999 prime?
True
Is 2293115894 prime?
False
Is 488598491 a composite number?
False
Is 26745285829 prime?
True
Is 15908279113 a prime number?
True
Is 1051266019 composite?
False
Is 690573757 prime?
False
Is 5553764945 a composite number?
True
Is 151806901 prime?
True
Is 668401879 composite?
False
Is 759671641 a composite number?
False
Is 2065859017 a prime number?
True
Is 24888813751 composite?
True
Is 1177093273 composite?
True
Is 445917127 a prime number?
False
Is 423742517 a prime number?
False
Is 8831851273 a composite number?
True
Is 2668388621 composite?
True
Is 56402244803 a composite number?
True
Is 8438293069 a prime number?
True
Is 358878763 a prime number?
True
Is 130810934713 prime?
True
Is 1077819107 prime?
False
Is 63196838987 prime?
True
Is 5065442801 composite?
False
Is 322508243 composite?
True
Is 657192689 composite?
False
Is 547273651 a composite number?
True
Is 499606127 prime?
False
Is 5579152819 prime?
True
Is 12051671033 composite?
False
Is 8521612093 prime?
True
Is 1063151801 a prime number?
True
Is 63584591 a prime number?
False
Is 217820824367 a composite number?
False
Is 9259480007 a composite number?
True
Is 10602217991 composite?
False
Is 3626634929 prime?
True
Is 73918657 composite?
False
Is 4115310655 a prime number?
False
Is 19268699699 a prime number?
True
Is 219230066761 prime?
True
Is 899003683 a composite number?
True
Is 388000817 a prime number?
False
Is 9785039773 composite?
False
Is 13519994987 prime?
False
Is 1837790303 composite?
True
Is 427952309 a prime number?
True
Is 1004327459 a composite number?
False
Is 2018762689 prime?
True
Is 84215323879 a composite number?
False
Is 4785895889 prime?
True
Is 1507235831 a composite number?
True
Is 11157461411 prime?
True
Is 34572409849 composite?
True
Is 74714402839 a composite number?
True
Is 679651591 a prime number?
False
Is 125302231 prime?
True
Is 18666682423 prime?
True
Is 1314549319 composite?
True
Is 4669425029 prime?
True
Is 12296401211 a composite number?
False
Is 588317923 composite?
True
Is 27669054839 a composite number?
False
Is 3548982233 composite?
False
Is 238447999 a composite number?
True
Is 203121361 a prime number?
False
Is 2469357751 composite?
True
Is 10499606009 prime?
True
Is 13500189151 composite?
False
Is 37535189767 a composite number?
False
Is 243341688137 composite?
False
Is 1885741153 composite?
True
Is 6735381407 a composite number?
True
Is 27810286591 composite?
False
Is 43907795527 a composite number?
False
Is 7768207153 composite?
True
Is 1260949589 prime?
True
Is 31241527 a prime number?
False
Is 863317969 a prime number?
True
Is 38308210033 a composite number?
True
Is 513703429 prime?
False
Is 154851581 prime?
True
Is 8344799 prime?
True
Is 774615767 a composite number?
False
Is 8183988053 prime?
True
Is 363964313607 a prime number?
False
Is 1822296787 a prime number?
False
Is 3872300189 a composite number?
False
Is 128819970421 a prime number?
False
Is 964105711 composite?
False
Is 493257776669 a prime number?
False
Is 720749681 composite?
False
Is 1243448161 a prime number?
False
Is 13412214521 a composite number?
True
Is 187846557 a composite number?
True
Is 35840048591 a prime number?
True
Is 42732099841 a composite number?
True
Is 38548413073 prime?
True
Is 156573059 a prime number?
False
Is 103928793467 a composite number?
False
Is 31231167953 a prime number?
True
Is 25010741494 a composite number?
True
Is 5020986049 a prime number?
True
Is 40154927 a composite number?
False
Is 56627884783 a prime number?
True
Is 52168291541 a prime number?
True
Is 10435181567 a composite number?
True
Is 16741330759 prime?
False
Is 4665741629 composite?
False
Is 67325718829 a composite number?
False
Is 1078377149 composite?
True
Is 18374095307 composite?
True
Is 59136733 composite?
False
Is 12486175787 composite?
False
Is 13631815181 prime?
False
Is 6327705529 prime?
True
Is 56891553 composite?
True
Is 61193237897 a composite number?
True
Is 795392083 a composite number?
False
Is 8051550731 composite?
True
Is 26943927133 a prime number?
False
Is 108124103 a prime number?
True
Is 562630366 a prime number?
False
Is 2110751033 a prime number?
False
Is 1519729567 a composite number?
False
Is 5426982443 composite?
True
Is 2005634417 composite?
False
Is 4514158511 a prime number?
True
Is 54165859071 prime?
False
Is 1735297103 a composite number?
False
Is 2294470781 prime?
True
Is 20762570537 composite?
False
Is 13856560387 composite?
False
Is 105115223321 a composite number?
True
Is 9062387749 a composite number?
True
Is 238072073 composite?
False
Is 355481851 prime?
True
Is 22773144727 prime?
True
Is 629094269 composite?
True
Is 1449668929 composite?
True
Is 10582284289 a composite number?
True
Is 1066763801 a composite number?
False
Is 1142369 a composite number?
True
Is 4701682561 prime?
True
Is 58148341007 a prime number?
True
Is 14291518949 a prime number?
True
Is 1490733833 a composite number?
False
Is 4219123873 a composite number?
False
Is 7338021961 a prime number?
False
Is 10974431759 a composite number?
True
Is 14990483 composite?
False
Is 5019731527 composite?
False
Is 1705348499 composite?
False
Is 334343291 prime?
False
Is 1372026937 composite?
True
Is 4592922605 a composite number?
True
Is 1825026167 prime?
False
Is 6076362313 a prime number?
False
Is 1075260983 a prime number?
True
Is 17932507 a prime number?
True
Is 19930608947 composite?
False
Is 655155565 composite?
True
Is 1785012217 prime?
True
Is 1672452121 a prime number?
True
Is 8162648953 composite?
False
Is 13109795957 prime?
False
Is 174576481 a composite number?
True
Is 5345012339 prime?
True
Is 18081105689 prime?
True
Is 2595205141 a composite number?
True
Is 45333508951 a prime number?
False
Is 2631105481 prime?
False
Is 5205787619 a composite number?
True
Is 373473257 a prime number?
True
Is 2006453465 composite?
True
Is 84570005783 composite?
True
Is 3177908723 composite?
True
Is 7693031 composite?
False
Is 1460279467 prime?
True
Is 16643045431 composite?
False
Is 29778515951 a composite number?
False
Is 271858321301 a prime number?
False
Is 19566242719 a composite number?
False
Is 7704765611 a prime number?
True
Is 14493485939 composite?
False
Is 2623005771 a composite number?
True
Is 126789505939 composite?
False
Is 46960763419 prime?
True
Is 5072408035 prime?
False
Is 679661963 a prime number?
False
Is 6472391701 a prime number?
True
Is 6461300123 composite?
False
Is 1752986701 a composite number?
True
Is 24817711871 a prime number?
True
Is 2837698421 prime?
False
Is 2325202573 composite?
False
Is 171088919 prime?
True
Is 4883192759 prime?
False
Is 319692509 a prime number?
False
Is 5943405217 a prime number?
False
Is 2930321897 prime?
True
Is 1404859369 a composite number?
False
Is 58143054995 a composite number?
True
Is 490794397 a composite number?
False
Is 1361341991 a composite number?
False
Is 1512467839 a prime number?
False
Is 73294854311 a prime number?
False
Is 6215855251 prime?
False
Is 1623608101 a prime number?
False
Is 46144890119 prime?
True
Is 7946080081 prime?
True
Is 344813429 a prime number?
True
Is 33987485711 a composite number?
False
Is 1325371349 a prime number?
False
Is 537672741 a prime number?
False
Is 7007049053 a composite number?
True
Is 4987957141 a prime number?
True
Is 1254620503 composite?
True
Is 83205779411 a prime number?
False
Is 8033741299 a composite number?
True
Is 256859474759 composite?
True
Is 706571455 prime?
False
Is 14768052227 a prime number?
True
Is 292357841 a composite number?
False
Is 4593632573 composite?
False
Is 137459957 prime?
True
Is 870203801 a composite number?
True
Is 1340826271 composite?
True
Is 108282389 a prime number